58 = 0. Calculate the remainder when h is divided by 19.
16
Let v = 88 + -57. Let x(j) = -2*j**2 + 5*j. Let g be x(5). Let b = g - -36. What is the remainder when v is divided by b?
9
Let w = 53 - 10. Suppose -3*y + 0*n - 2*n + 17 = 0, -1 = -3*y + 2*n. Calculate the remainder when w is divided by (-2)/(-3) - (-64)/y.
21
What is the remainder when ((-87)/(-2) - (-1)/2)/1 is divided by 9?
8
Calculate the remainder when 82 is divided by (301/(-14))/(2/(-4)).
39
Let x be ((-45)/12)/((-2)/8). Suppose -x = 5*f - 8*f. Suppose 4*g = -g + 10. What is the remainder when f is divided by g?
1
Let u(i) = 3*i**3 + 3*i**2 - i - 2. Let q be 8/6 + 2/3. Calculate the remainder when u(q) is divided by 7 + -8 + (-18)/(-1).
15
Let m = -24 - -48. Calculate the remainder when 95 is divided by m.
23
Suppose 0*l = -6*l + 102. What is the remainder when 32 is divided by l?
15
Suppose -4*p + 27 = c, 0 = -2*p + 3*p + 3*c - 4. Let j(s) = 3*s + 10. What is the remainder when j(0) is divided by p?
3
Suppose 2*c + 0 - 146 = 3*z, -4*z - 221 = -3*c. Suppose -15*p - 16 = -16*p. Calculate the remainder when c is divided by p.
15
Let p = 13 - 8. Suppose -2*b + p*b - 5*t = 28, 0 = 3*b + 3*t - 36. Let d(g) = -g**3 + 7*g**2 - 4*g + 9. What is the remainder when d(6) is divided by b?
10
Calculate the remainder when 0/2 - (-27 + -72) is divided by 20.
19
Suppose 5*o = 3*o + 8. Let a = o - -2. Suppose a*t - 20 = 2*t. Calculate the remainder when 8 is divided by t.
3
Let o = 174 - 109. What is the remainder when o is divided by 17?
14
Let t = 5 + 5. Calculate the remainder when t is divided by (-1)/((-3)/(1 + 2)) - -2.
1
Suppose 0*y - 8*y = -576. What is the remainder when y is divided by 15?
12
Let m = 12 + -6. Let r(a) = a**3 - 5*a**2 - 5*a + 2. Let c = -49 + 71. What is the remainder when c is divided by r(m)?
6
Calculate the remainder when ((-153)/18)/((-1)/6) is divided by 13.
12
Let h(l) = 12*l - 1. Suppose 0 = -j + 2. Suppose 0 = -j*y - 4 + 6. Calculate the remainder when 21 is divided by h(y).
10
Let t(v) = -v**3 + 4*v**2 - 2*v. Let r be t(3). Suppose -29 = -r*j + 1. What is the remainder when (-19)/((-3)/1 - -2) is divided by j?
9
Let p = 9 + -3. Calculate the remainder when (p/5)/((-4)/(-80)) is divided by 13.
11
Suppose 0 = 12*a - 10*a - 142. What is the remainder when a is divided by 24?
23
Let l(k) = -k**3 - 16*k**2 + 17*k + 19. Calculate the remainder when 111 is divided by l(-17).
16
Let i = 16 - 7. Calculate the remainder when 16 is divided by i.
7
Suppose 4*i = -p + 6*i + 34, -5*p - i = -126. Calculate the remainder when 75 is divided by p.
23
Calculate the remainder when 10 is divided by (6 - 2)*6/4.
4
Suppose -r + 50 = -45. Let b be r/(2/(-2) - -2). Suppose -w - b = -6*w. Calculate the remainder when 36 is divided by w.
17
Calculate the remainder when 9 - (5 - (-24)/(-4)) is divided by 6.
4
Let m = -8 + 42. Let a(v) = -1 + 9*v + 0 - 8*v + 7. What is the remainder when m is divided by a(12)?
16
Let c(l) = -l**3 - 4*l**2 + 2*l + 6. Suppose -4*o - 10 = -2. Let m be o/(-4)*(-30)/3. What is the remainder when c(m) is divided by 12?
9
Suppose 2*l = -k - 9, 0 = l + 5*k - k - 13. Let m(r) = r**3 + 8*r**2 + 7*r + 10. Calculate the remainder when m(l) is divided by 4.
2
Let r(h) = -7*h - 6. Let u = 4 + -3. What is the remainder when r(-5) is divided by (-2)/(34/(-30) + u)?
14
Suppose 4*g - 168 = -0*g. Let t(k) = k**2 + 21*k + 9. What is the remainder when g is divided by t(-21)?
6
Let s = -7 + 14. Let w = 29 + -24. Calculate the remainder when s is divided by w.
2
Let h(r) = r**2 - 7*r - 13. Let c be h(9). Suppose -4*u - 6 = -c*u. What is the remainder when u is divided by 4?
2
Suppose -28 - 2 = -2*w. Let i(h) = 2*h + 4. Let x(t) = -1. Let q(o) = -i(o) + 2*x(o). What is the remainder when w is divided by q(-7)?
7
Let b = -9 + 13. Let s = b + 0. Suppose -s*c = -c - 57. What is the remainder when c is divided by 10?
9
Let n(y) = y**2 - 1. Let k be n(-1). Suppose -b - 2*o + 36 = 0, 141 = 4*b - k*b + 5*o. Suppose 0 = -5*p + 21 + b. What is the remainder when 32 is divided by p?
10
Let w(j) = 4*j**2 - 2*j + 1. Let i be w(1). Let f = i + -28. What is the remainder when 33 is divided by 10/f + (-174)/(-10)?
16
Let w(l) = 421*l**2 - 1. Let z be w(1). Suppose 0 = -6*h + 4*h - z. What is the remainder when ((-1)/3)/(5/h) is divided by 5?
4
Let t(m) = m - 2. Calculate the remainder when t(7) is divided by 5.
0
Let g = 15 + -9. Let n = 29 + -6. What is the remainder when n is divided by g?
5
Let j(g) = 3*g + 6. Let u be j(-4). Let b(n) = -4*n + 6. Calculate the remainder when b(u) is divided by 16.
14
Let s(u) = u + 12. Let v be (13*1)/((-2)/(-4)). Calculate the remainder when (-1 - -2)*v - 3 is divided by s(0).
11
Let c = -9 + 16. Let d = c - 5. What is the remainder when 13 is divided by (d/(-3))/((-4)/42)?
6
Let r(i) = i**2 + 6*i + 1. What is the remainder when r(4) is divided by (1*-1 + -10)*-2?
19
Let z(d) = 2*d + 7. What is the remainder when 84 is divided by z(11)?
26
Let d = -11 + 16. Suppose -d*t + 6*t = 25. What is the remainder when t is divided by 4?
1
Let a = 12 + -8. Let p be ((-4)/(-8))/((-1)/(-4)). Suppose 6 = -p*k + 26. What is the remainder when k is divided by a?
2
Suppose 0 = -2*d + 4*g + 10, -8*d + 4*d + 4*g + 36 = 0. What is the remainder when d is divided by 2?
1
Calculate the remainder when 1236/14 + (-6)/21 is divided by 30.
28
Let q(r) = -2*r - 2. Let h be q(-2). Let x = 12 + h. What is the remainder when 41 is divided by x?
13
Suppose 11 = 2*c - 5*p, 2*c - 2 = 3*p - 7*p. Let z be (c/6)/((-2)/(-12)). Let b(v) = v**3. What is the remainder when b(z) is divided by 14?
13
Let z(u) = -u**3 - 5*u**2 - 6*u - 1. Let p be 42/10 + 3/(-15). Suppose -100 = -l - p*l. Calculate the remainder when l is divided by z(-4).
6
Let s(q) = 16*q - 23. Suppose 18 = 2*a + 3*f, -a + 5*f + 38 - 3 = 0. What is the remainder when a is divided by s(2)?
6
Suppose 4*q = -4*o - 80, -o + q - 3*q = 22. Let h = 2 - o. What is the remainder when 10 is divided by 18/5 - (-8)/h?
2
Suppose -38 = -2*l - 4*q, 5*q + 8 = -3*l + 60. Let o(i) = 3*i + 32. What is the remainder when o(-5) is divided by l?
8
Suppose 6*p + 15 = x + 3*p, 14 = -2*x - 5*p. Suppose x*w - w - 260 = 0. What is the remainder when 7 is divided by w/35 + 2/7?
3
Let n = 11 - -7. Let k(t) = t**3 + 16*t**2 - 39*t - 20. Calculate the remainder when k(-18) is divided by n.
16
Let x(q) = 24*q**3 + q**2 - 1. Suppose 2*n + 10 = 4*p, -2*p + 5*n = 3*p - 20. Let v be x(p). Let h = -15 + v. Calculate the remainder when 26 is divided by h.
8
Suppose 2*o - a - 53 = 0, a + 5 = -0*a. Let p = o - 11. What is the remainder when 23 is divided by p?
10
What is the remainder when 62 is divided by 54/(-18) - 6*-4?
20
Let h = 19 + -8. Suppose 3*z + r + 106 = 8*z, -r - 1 = 0. What is the remainder when z is divided by h?
10
Let w(u) = u. Let b(s) = -2*s + 5. Let t(z) = b(z) + 3*w(z). What is the remainder when 7 is divided by t(0)?
2
Let v(o) be the first derivative of o**4/4 + 5*o**3/3 + 5*o**2/2 + 6*o + 1. Let h be v(-4). Suppose -2 - h = -z. Calculate the remainder when z is divided by 3.
1
Suppose 5*r - 10 = 5. Calculate the remainder when r*27 + (-12)/4 is divided by 20.
18
Suppose 4*t - 3*f - 61 = -2*f, -4*t = -3*f - 55. Let s(r) = r**3 + 3*r**2 - 13*r - 6. Calculate the remainder when s(-4) is divided by t.
14
Suppose -5*y - 5*a - 5 = -20, a + 6 = 2*y. Let c = 13 - 7. Let o = -4 + c. What is the remainder when y is divided by o?
1
Suppose h + 0*h + 4 = 5*l, 8 = -5*l - 2*h. Suppose -2*x - 27 = -5*p - 98, l = 3*x + 4*p - 95. What is the remainder when x is divided by 17?
16
Let m = -9 + 7. What is the remainder when (-10)/m*(-8)/(-10) is divided by 3?
1
Let y(s) = 6*s. Let f be y(4). Suppose 3*u + f = 2*j, j - 2 = -0*u - u. Calculate the remainder when 9 is divided by j.
3
Let f = 36 - 24. What is the remainder when 34 is divided by f?
10
Let r be 6/4*(4 + 0). Let s be (r/9)/(-1)*3. Calculate the remainder when 57 is divided by (s/(-6))/((-1)/(-45)).
12
Let q(r) = -3*r + 1. Let t be q(-4). Let d = 26 - t. Calculate the remainder when 38 is divided by d.
12
Suppose -2*o - 4*h + 2*h = -34, 2*o - 4*h = 46. Let n = -10 + o. Suppose 14*d = 9*d + 120. Calculate the remainder when d is divided by n.
6
Suppose -4*m + 5*q = -199, q + 10 = -m + 53. Let l be 126